



{"id":215,"date":"2024-01-25T18:33:30","date_gmt":"2024-01-25T18:33:30","guid":{"rendered":"http:\/\/new.cinefort.hu\/?page_id=215"},"modified":"2024-04-29T16:45:46","modified_gmt":"2024-04-29T15:45:46","slug":"tecnologia-para-eventos","status":"publish","type":"page","link":"https:\/\/www.cinefort.es\/index.php\/tecnologia-para-eventos\/","title":{"rendered":"Tecnolog\u00eda para eventos"},"content":{"rendered":"\n<p>Nuestros servicios de tecnolog\u00eda para eventos<\/p>\n\n\n\n<p>Ofrecemos:<\/p>\n\n\n\n<ul class=\"wp-block-list\">\n<li>Servicios de amplificaci\u00f3n y grabaci\u00f3n de sonido para eventos,<\/li>\n\n\n\n<li>Producci\u00f3n de v\u00eddeo para eventos\/conferencias,<\/li>\n\n\n\n<li>Transmisi\u00f3n de v\u00eddeo con edici\u00f3n en vivo para eventos,<\/li>\n\n\n\n<li>Gesti\u00f3n de contenido de transmisi\u00f3n audiovisual para la tecnolog\u00eda visual de eventos\/conferencias.<\/li>\n<\/ul>\n\n\n\n<p>Nuestro propio equipamiento nos permite manejar la tecnolog\u00eda audiovisual de producciones m\u00e1s peque\u00f1as, y, con la ayuda de nuestros proveedores, tambi\u00e9n estamos disponibles para proporcionar apoyo t\u00e9cnico adicional para eventos m\u00e1s grandes.<\/p>\n\n\n\n<p>Dado que cada evento es \u00fanico, por favor <a href=\"https:\/\/www.cinefort.es\/index.php\/contacto\/\" data-type=\"page\" data-id=\"273\">cont\u00e1ctenos para solicitar m\u00e1s informaci\u00f3n.<\/a><\/p>\n","protected":false},"excerpt":{"rendered":"<p>Nuestros servicios de tecnolog\u00eda para eventos Ofrecemos: Nuestro propio equipamiento nos permite manejar la tecnolog\u00eda audiovisual de producciones m\u00e1s peque\u00f1as, y, con la ayuda de nuestros proveedores, tambi\u00e9n estamos disponibles para proporcionar apoyo t\u00e9cnico adicional para eventos m\u00e1s grandes. Dado que cada evento es \u00fanico, por favor cont\u00e1ctenos para solicitar m\u00e1s informaci\u00f3n.<\/p>\n","protected":false},"author":1,"featured_media":0,"parent":0,"menu_order":0,"comment_status":"closed","ping_status":"closed","template":"page-templates\/page-full-width.php","meta":{"footnotes":""},"class_list":["post-215","page","type-page","status-publish","hentry"],"_links":{"self":[{"href":"https:\/\/www.cinefort.es\/index.php\/wp-json\/wp\/v2\/pages\/215","targetHints":{"allow":["GET"]}}],"collection":[{"href":"https:\/\/www.cinefort.es\/index.php\/wp-json\/wp\/v2\/pages"}],"about":[{"href":"https:\/\/www.cinefort.es\/index.php\/wp-json\/wp\/v2\/types\/page"}],"author":[{"embeddable":true,"href":"https:\/\/www.cinefort.es\/index.php\/wp-json\/wp\/v2\/users\/1"}],"replies":[{"embeddable":true,"href":"https:\/\/www.cinefort.es\/index.php\/wp-json\/wp\/v2\/comments?post=215"}],"version-history":[{"count":4,"href":"https:\/\/www.cinefort.es\/index.php\/wp-json\/wp\/v2\/pages\/215\/revisions"}],"predecessor-version":[{"id":883,"href":"https:\/\/www.cinefort.es\/index.php\/wp-json\/wp\/v2\/pages\/215\/revisions\/883"}],"wp:attachment":[{"href":"https:\/\/www.cinefort.es\/index.php\/wp-json\/wp\/v2\/media?parent=215"}],"curies":[{"name":"wp","href":"https:\/\/api.w.org\/{rel}","templated":true}]}}